2*v - 5*p = -2*v + g. What is the hundreds digit of v?
1
Let m = -31 + 66. Let u = m + -17. What is the units digit of u?
8
Let i(o) = o**3 - 6*o**2 + 5*o. Suppose 4*y - 3*v - 20 = -v, 0 = -y - 5*v + 5. Let z be i(y). Suppose z = 5*j - 266 - 69. What is the units digit of j?
7
Suppose -h = -4*h. Suppose 3*o + t - 158 = -0*t, h = -3*o + 3*t + 150. Suppose -3*l - 4*r = -2*r - 67, -o = -3*l + r. What is the units digit of l?
9
Suppose a - 1955 + 5315 = 0. What is the hundreds digit of (-1 + -1 + 1)/(16/a)?
2
Suppose -148*c = -152*c + 6804. What is the hundreds digit of c?
7
Suppose 0 = -5*x + 3*x + 4*d - 236, d = -x - 127. Let b = x + 174. What is the tens digit of b?
5
Suppose 47*r - 43*r + 5*t - 5280 = 0, -2*r - 5*t = -2640. What is the units digit of r?
0
Suppose -2*u + 363 = k, k - 4*u = 219 + 150. What is the hundreds digit of k?
3
Let n be (9/6)/(9/12). Let p(r) = 2*r + 0 - r + n + 13*r**2 - 1. What is the units digit of p(-2)?
1
What is the units digit of 45*8/32*12?
5
Let d(t) = -274*t - 9. Let q(a) = a**2 + 14*a - 52. Let h be q(-17). What is the tens digit of d(h)?
6
Let r(j) = j**3 + 20*j**2 + 32*j - 29. What is the units digit of r(-12)?
9
Let d = 6 - -1. Suppose d = 5*p - 3*p - g, -g = 1. Suppose t = -m + 6*m - 29, -p*t = 4*m - 27. What is the units digit of m?
6
Suppose 150 - 50 = 5*u. Suppose 4*c - 9*c + 5*j + u = 0, c + 5*j = 10. Suppose c*a - 152 = -27. What is the units digit of a?
5
Let l(h) = h**3 + 2*h**2 + 2*h + 2. Let p be l(-2). Suppose 5*c - c = 4, -c + 4 = -3*z. What is the units digit of p/z + -4 - -31?
9
Suppose -4*v + 2*v = 0. Suppose z - 4 + 2 = v. Suppose -z*a + 3*h + 24 = h, 0 = -2*a - h + 18. What is the tens digit of a?
1
Suppose -5*q = 3*f - 1827, 1620 = 2*f - q + 389. What is the units digit of f?
4
Let b(s) = 51*s - 67. What is the hundreds digit of b(10)?
4
Let b(n) = 2*n**2 - 17*n + 25. Suppose 49 = 4*h + t, -2*h + t - 5 = -34. What is the hundreds digit of b(h)?
1
Let b = -74 + 78. Suppose b*l - 205 = 47. What is the tens digit of l?
6
Let d(z) = -37 + 3*z + 22 + z**2 + 16. What is the tens digit of d(7)?
7
Let m = -403 - -282. Suppose 3*w = -0*w - 210. Let u = w - m. What is the tens digit of u?
5
Let i(g) = -2*g**3 + 2*g + 1. Let p be i(-1). Let u(n) = -36*n**3 - n**2 + n + 1. Let q be u(p). What is the tens digit of (-1515)/q - (-8)/(-28)?
4
What is the units digit of 19/(38/132)*15/2?
5
Let h be (10/(-4))/(4/(-16)). Suppose 0 = h*y - 6*y + 60. What is the units digit of (10/y)/((-4)/42)?
7
What is the tens digit of (-3)/(2/6 + 1075/(-3090))?
0
Suppose 0 = 5*j - 25, -5*h - 3*j = -2*h + 3. What is the units digit of (5 + (-58)/h)*3?
4
Let k(i) = i**3 + 10*i**2 + 11*i - 6. Let a be k(-8). Suppose -4*g = -g - 69. Let r = a - g. What is the units digit of r?
1
Suppose 0*n - n + 105 = 0. What is the tens digit of n?
0
Let f(g) be the second derivative of -5*g**3/6 - g**2/2 - 4*g. Let r be f(-1). Suppose -3*m + 108 = 4*y, r*y - 4*m - 98 = 10. What is the units digit of y?
7
Suppose 4*w - 2*s = -18, -13 = 4*w - s - 0*s. Let c be (56/(-10))/(w/25). Suppose 3*u - 2*m - c = 0, 0*u + 3*u + 2*m - 62 = 0. What is the tens digit of u?
2
Let j(n) = 22*n + 28. What is the tens digit of j(2)?
7
Let n(w) = 47*w**2 + 4*w. Let f = 99 + -100. What is the tens digit of n(f)?
4
Let p(x) = 20 + 141*x + 142*x + 32 - 282*x. Suppose b = -4*b. What is the tens digit of p(b)?
5
Let l(n) = 4*n**3 - 2*n**2 + 13*n + 89. What is the thousands digit of l(10)?
4
Let o be -1 + (2 - (-1)/(4/(-16))). What is the units digit of -2 - (92/(-4) + 2 - o)?
6
Suppose 4*k + 4*q - 624 = 0, -5*q + 7 = -3. Let h = k - 93. What is the units digit of h?
1
Suppose q + 12274 = 5*n, -4*q + 2456 = n - 3*q. What is the hundreds digit of n?
4
Let w(f) = f**3 + 2*f - 1. Let g be w(1). What is the units digit of (-6)/12 + 149/g?
4
Let v(b) = -13*b**3 + b**2 - 1. Let o be v(-1). Let s = 4 + o. What is the units digit of s?
7
Suppose -2*h = -2 + 18. Let k be 65/h - 1/(-8). Let c = k + 15. What is the units digit of c?
7
Let a be (-6)/10 - (-528)/55. Let p(t) = 19*t - 26. Let c(z) = 9*z - 13. Let u(g) = a*c(g) - 4*p(g). What is the units digit of u(9)?
2
What is the units digit of 1962 + -6 + 63/(-7)?
7
Let t(s) = -6*s - 39. Let o(b) = -2*b**2 - b - 1. Let n(j) = -5*o(j) + t(j). What is the hundreds digit of n(6)?
3
Suppose 10*i - 76 = 11*i. Let p = 13 - i. What is the units digit of p?
9
Suppose -2*n = 4*n - 240. Let a = 74 - n. What is the units digit of a?
4
Suppose 0*u = u - 3*n - 133, u = -3*n + 109. Let q = u + -20. Suppose 5*g + 3*z - q = 0, -5*g + 4*z + 87 = -0*g. What is the units digit of g?
9
Suppose 7*j + 40 + 100 = 0. What is the units digit of (-372)/8*j/6 + -2?
3
Suppose -20*g + 10626 = -6*g. What is the units digit of g?
9
Suppose 14*t + 20616 = 38*t. What is the units digit of t?
9
Suppose -9*l + 801 = -0*l. Suppose r - 3*j - 203 = 0, 3*j - l = -r + 138. What is the hundreds digit of r?
2
Let i(z) = -z**3 + z**2 + z - 6528. Let p be i(0). What is the hundreds digit of (-2)/(-5) + (p/(-15))/2?
2
Let h(v) = 69*v - 121. What is the hundreds digit of h(5)?
2
Suppose -9*k = -330 - 39. Suppose 0*g - 18 = -3*g. Let p = k - g. What is the units digit of p?
5
Suppose 3*d = z + 10 + 4, 5*d - 4*z = 35. Suppose -5*m - 40 = -4*t - 3*m, m + 31 = d*t. What is the units digit of t?
1
Suppose 0 = -2*d - 3*d. Let n(h) = 3*h + 3 + d - 1 - 6. What is the units digit of n(8)?
0
Let l(p) = -3*p + 6*p + 4 - 2*p - 4*p**2 + 0. Let w be l(4). What is the tens digit of (9/4)/((-7)/w)?
1
Let x be 3 + -2 - (-8 - 6). Let a = x - -8. What is the tens digit of a?
2
Suppose 884 + 10 = 4*u + k, 670 = 3*u + k. What is the tens digit of u?
2
Let y be (70/(-25))/((-2)/5). Suppose -5*t + 2*o - y*o + 680 = 0, 0 = -3*t - 4*o + 409. What is the tens digit of t?
3
Let i be (14/21)/((-1)/12). What is the units digit of 52/i*2*-2?
6
Suppose -30 = 8*w - 3*w. Let p(h) = -6*h**3 + h**2 + h. Let k(g) = 6*g**3 - g**2 - g. Let v(a) = w*k(a) - 7*p(a). What is the units digit of v(2)?
2
Suppose -n + 19*m + 923 = 18*m, -2*n - 4*m + 1846 = 0. What is the tens digit of n?
2
Suppose -4*z - 98 - 4 = 5*w, 5*z = 2*w + 21. Suppose 5*g - 4*g + 49 = -2*a, g = -a - 24. Let f = w - a. What is the units digit of f?
7
Let r = 8 + -1. Suppose r*c - 720 = 883. What is the units digit of c?
9
Let f = 130 - 86. Suppose -i = -b + f, 0 = 5*b + 5*i - 23 - 227. What is the tens digit of b?
4
Let i(u) = -19*u**2 + 2*u + 1. Let y(m) = -m**2. Let j = 14 + -8. Let n(q) = j*y(q) - i(q). What is the units digit of n(-1)?
4
Let u be ((-68)/(-6))/(2/9). Suppose 7 - u = -4*t. Let m = t - 2. What is the units digit of m?
9
Suppose 29 + 48 = -5*w + 2*c, 2*c = -8. Let g = 18 + w. What is the units digit of g?
1
Let f = 159 - 78. Let d = f + -29. What is the tens digit of d?
5
Let t = 482 - 153. What is the hundreds digit of t?
3
Let j be (-16)/(-5) - 1/5. Let k(u) = -u**2 + 6*u - 2. Let y be k(j). What is the units digit of (-2)/7 + 44/y?
6
Suppose -11*u - 5*k = -10*u - 1287, 2*u - k - 2629 = 0. What is the units digit of u?
2
Let n(b) = -b**3 - 12*b**2 - 11*b + 4. Let a be n(-11). Suppose 3*l + 17 = a*q, q = -2*q + 15. What is the units digit of 2/(l + -3)*-2?
2
Suppose 2*j - 2 = -4*o, 4*j - 3*o - 7 = -8*o. What is the tens digit of 3 + 14 - (j - 2)?
1
Let q be 27/(-36) + 3/4. Suppose -152 = -4*i - t, -177 = -5*i + 2*t - q*t. Suppose d = 17 + i. What is the units digit of d?
4
Let q be -1 + (-3)/((-6)/(-4)). What is the units digit of (-24)/(-8)*(-41)/q?
1
Suppose 4 = -g - 1, 0 = -4*s + 5*g + 149. Let t = s - 55. Let h = t - -37. What is the tens digit of h?
1
Let m = 8 - -23. Suppose 68 = 2*g - 6*g. Let d = g + m. What is the tens digit of d?
1
Let a(p) = -1289*p**3 - 4*p**2 - p + 2. What is the thousands digit of a(-1)?
1
Suppose -5*x + 126 = -34. Suppose 2*r = r + x. Let o = r + -17. What is the units digit of o?
5
Let d(v) = -58*v**2. Let s = 2 - 3. Let p be d(s). Let w = -33 - p. What is the units digit of w?
5
Let t be (-65)/(-25) + 3/(-15)*-2. Suppose -4*n + 311 = -t*z, 5*z + 5 = 3*n - 231. What is the units digit of n?
7
Suppose -4*b - r = -3387, 42*b - 43*b + 2*r + 849 = 0. What is the hundreds digit of b?
8
Let v be (-56)/(-26) + 0 + (-4)/26. Suppose 242 = v*c - 216. What is the tens digit of c?
2
Suppose -4*w = -2*f